 127*n. Calculate the highest common divisor of 27 and n.
27
Suppose -92 + 6 = -n. Suppose 0 = 5*y + p - 107, 2*y + p = -2*y + n. What is the greatest common divisor of y and 84?
21
Suppose 5*d - 75 = -2*s, 2*s - 4 - 86 = -2*d. Suppose -18*v + 15*v + 375 = 0. Calculate the greatest common divisor of v and s.
25
Let s = -405 + 1260. Calculate the highest common factor of 19 and s.
19
Suppose -4*x = -x - 5*w + 306, -w = 4*x + 431. Let z = x - -457. What is the highest common factor of z and 50?
50
Suppose -3*s - 625 = -2*v - 2*s, v - s - 313 = 0. Calculate the highest common factor of 24 and v.
24
Let b(c) = 16*c - 18. Let f be b(6). Suppose -7*q + 41 = -f. Suppose 5*y - 459 = 2*y - 3*j, 0 = 2*j. What is the highest common divisor of q and y?
17
Suppose 5*d - 3*p - 968 = 1190, 2*p - 8 = 0. What is the greatest common factor of d and 28?
14
Let r = 2029 - 1949. What is the greatest common divisor of r and 15?
5
Let i(v) = 18*v. Let o be i(1). Suppose 7*z = 10*z + o. Let c be (12 + z)/(2/16). What is the greatest common divisor of c and 72?
24
Suppose -15 = 18*d - 23*d. Suppose 0 = -3*m + 2*q + 352, -d*m + 4*q + 362 = -0*m. What is the greatest common divisor of m and 38?
38
Suppose 0*d = 3*d - 12, d = -2*n - 56. Let k = -22 - n. What is the highest common divisor of k and 40?
8
Let d be 678/4 + -5 + 5/10. What is the greatest common factor of 15 and d?
15
Let f be -3 + (5 - 4) + 125. Let a = f + -103. Calculate the highest common divisor of a and 220.
20
Let h(k) = 9*k + 2. Let v(p) = -14*p - 3. Let r(j) = -8*h(j) - 5*v(j). Let w be r(-2). Calculate the highest common factor of w and 33.
3
Suppose 15*w - 4080 = 7*w. Calculate the greatest common factor of w and 68.
34
Suppose 3*l + 19 = 214. Suppose -2*j = -j. Suppose -5*n + 28 + 102 = j. What is the greatest common divisor of l and n?
13
Let z = 34 - 34. Let u be (-21)/(-15) - (z + 2/5). What is the highest common divisor of u and 9?
1
Suppose 4*h - 3*i - 2 = 10, 0 = -3*i. Suppose -k + 12 = 2*k, -5*m + h*k + 188 = 0. What is the greatest common factor of 10 and m?
10
Suppose 3*b = 15, -4*k + 0*b + b = -3. Suppose 6 = q + k*q. Suppose -z + q*z - 31 = -m, m - 40 = 2*z. What is the greatest common factor of 85 and m?
17
Let w(l) = 15*l**3 + 2*l**2 - 4*l + 14. Let g be w(3). Suppose -g = -4*p - p. What is the greatest common factor of p and 34?
17
Let d(f) = f**3 + 4*f**2 - 7*f - 6. Suppose 24 = -5*c - 1. Let x be d(c). Suppose 9*r - x = 8*r. What is the greatest common divisor of r and 2?
2
Let d be (1 - 0)/((-7)/(-35)). Suppose -9*u = -d*u - 36. Calculate the highest common divisor of 99 and u.
9
Let s = -11 - -10. Let y(x) = 169*x**2 + 3*x + 4. Let i be y(s). What is the highest common divisor of i and 10?
10
Suppose 4*w - 1080 = -w. Suppose -u - 5*b = -102, 0*u - 2*u - 4*b + w = 0. Let y = 23 + -9. What is the greatest common factor of y and u?
14
Suppose -180 = 9*k + 9*k. Let t = 38 + k. What is the greatest common factor of 4 and t?
4
Let t be 86/(-344) + 25/4. Calculate the greatest common divisor of t and 15.
3
Let b(y) = y**3 + 7*y**2 - 4*y - 16. Let z be b(-7). What is the greatest common divisor of z and 76?
4
Let g(c) = c**3 - 9*c**2 + 2*c - 8. Let h be g(8). Let w be 4/10 - h/35. Let v be 17 - 1*(w - 3). What is the greatest common divisor of 18 and v?
18
Let r(k) = k**2 + 21*k - 30. Let j be r(-32). What is the highest common factor of 28 and j?
14
Let h = 42 - -10. Suppose h + 38 = 5*w. What is the highest common factor of 45 and w?
9
Let x = 693 - 469. What is the greatest common factor of x and 14?
14
Let a(m) be the first derivative of -m**3/3 + 9*m**2/2 + 2*m - 5. Let i be a(7). Let u be (-9)/12 - (-326)/8. Calculate the greatest common factor of i and u.
8
Suppose c + 4*c = 2*o + 774, 4*o - 168 = -c. What is the greatest common divisor of c and 48?
12
Let q be 3 + 9/(-3)*9. Let x(f) = -f**2 - 25*f + 20. Let v be x(q). Calculate the highest common factor of 55 and v.
11
Let p be ((-144)/27)/(2/12). Let t be (-4)/8*p + 4. Let f be 6*(-120)/27*(-3)/2. What is the greatest common divisor of t and f?
20
Let m be ((-2)/4)/(2/24). Let u be ((-58)/m)/(2/6). Let c = u - 15. Calculate the greatest common factor of c and 70.
14
Let d be (-830)/(-35) + -2 + (-48)/(-21). Suppose 0 = -22*x + 18*x + d. Calculate the highest common factor of 18 and x.
6
Suppose -162*k - 79*k + 9180 = -61*k. Suppose 0 = -4*l - 8, -4*d = -4*l + 2 - 10. Let g be 0/1 + d + 17. Calculate the greatest common divisor of g and k.
17
Let j(n) = 152*n - 107. Let b be j(1). Calculate the greatest common factor of b and 288.
9
Let x = 6 + -4. Let k(a) = -10*a. Let c be k(-1). Let y be 2/10 - (2 - 28/c). Calculate the highest common factor of x and y.
1
Suppose 0 = -8*u + 73 + 119. What is the greatest common factor of 3 and u?
3
Let m be (-4)/6 - (-5)/(-15). Let o = m - -13. Let n = 6 + -3. Calculate the greatest common divisor of o and n.
3
Let u be (-317)/(-2) + (35/(-2))/(-5). Let d = 4 - -9. Let q = 5 + d. What is the highest common divisor of q and u?
18
Let y = -1420 - -1441. Calculate the greatest common factor of 49 and y.
7
Let w be 147*(-5 - 518/(-98)). Suppose -5*i - 1 = -11. Suppose -i*c = 3*c - 140. Calculate the greatest common divisor of w and c.
14
Let c(u) = 2*u - 22. Let a be c(13). Suppose a*i + 513 = 5*l + i, -4*i = -2*l + 194. Calculate the highest common divisor of l and 42.
21
Suppose -5*d - 2*m + 331 = 0, d = -d - 2*m + 136. Let h = d - 37. Suppose i + 16 = 4*r, 4*i - 2*r = -7*r + 41. Calculate the greatest common factor of h and i.
4
Let t(k) = -25*k + 444. Let s be t(12). Calculate the greatest common factor of s and 792.
72
Let q(y) = 7*y**2 + 8*y + 26. Let m be q(-7). Suppose -93 + m = 5*x. What is the highest common factor of x and 22?
22
Suppose -5*f + 36*a = 38*a - 3252, -1947 = -3*f + 3*a. What is the highest common factor of f and 26?
26
Let b(v) = v**3 - 13*v**2 - 16*v + 30. Let a be b(14). Suppose -6*l = -a*l - 320. What is the greatest common divisor of l and 10?
10
Let g(u) = -313*u + 3. Let q be g(-2). Suppose -o - 3*x = -3*o + q, -3*x - 1595 = -5*o. Let f = -212 + o. What is the greatest common factor of f and 10?
10
Let p be 135/(-6)*(-16)/10. Let c = -34 - -88. What is the greatest common divisor of p and c?
18
Suppose 12*n - 4*n = 40. Suppose n*h - 198 = w, -5*h + 5*w = -245 + 35. What is the highest common divisor of h and 39?
39
Suppose 0 = 3*d + 4*z - 637, -7*z + 4*z + 840 = 4*d. Suppose 0 = 4*b - i - 873, -i + d = b + i. Calculate the highest common divisor of b and 31.
31
Let g(i) = 2*i**3 + 45*i**2 + 13*i - 36. Let m be g(-22). Calculate the highest common divisor of m and 12.
6
Suppose 5*w - 5*z + 268 = w, 0 = -2*w - 5*z - 134. Let q = w + 112. What is the highest common factor of 5 and q?
5
Let n = -9 - -33. Let a = 9 - -27. What is the greatest common divisor of a and n?
12
Suppose -2*h - 31 = -39. Suppose 3*y - 5*q = -2*q + 228, -344 = -5*y - h*q. Calculate the greatest common factor of y and 18.
18
Suppose -d = 4*t - 332, -3*t = -d - 4*d - 226. Let y = 122 - t. Suppose 0 = -c - c + y. Calculate the greatest common factor of 140 and c.
20
Let n = -1074 + 1170. Calculate the greatest common divisor of n and 1088.
32
Let v(t) = -3*t - 9. Let m(r) = -2*r - 6. Let x be m(-5). Let f be x/8*(-9 - -1). Let a be v(f). What is the highest common factor of 3 and a?
3
Let j be (-14)/(-1) + 3 - 4. Suppose -5*g + 10*g = -3*u + 29, -3*g + u = -9. Let n be 3 - (-455 - 1)/g. What is the highest common factor of j and n?
13
Let r(b) = -b**3 + 22*b**2 - 39*b + 68. Let m be r(20). Let h(v) = -v**3 + 5*v**2 - 3*v - 1. Let c be h(3). Calculate the highest common factor of c and m.
8
Let x be (3 - -1)*(-1287)/(-156). What is the highest common divisor of x and 22?
11
Suppose -28 - 17 = -15*w. Suppose 0 = q - 3*q + w*p + 41, -q + 38 = -5*p. Calculate the highest common divisor of q and 299.
13
Let f be 64/6*(-9)/(-4). Let o(q) = -4*q**2 - 3*q + 5. Let r be o(-4). Let s = 83 + r. What is the highest common divisor of s and f?
12
Let l = 66 + -110. Let y = l + 62. What is the greatest common factor of 24 and y?
6
Suppose 4*l - 2*f = 228, 0*f - 232 = -4*l + 4*f. What is the highest common factor of l and 896?
56
Suppose -13 = -5*m + 2. Suppose -m*j = -3*y + 33 - 6, -21 = y + 5*j. Calculate the